 14*g - 5*g = 63. Suppose g = 2*w + 1. What is the units digit of w?
3
Let q be -2 + 7 + -3 - -3*74. Let s = q + -154. What is the tens digit of s?
7
Let g be (-1 + 2)/1 - 17. Let q = g + 42. What is the tens digit of q?
2
Let y(l) = -l**3 + 8*l**2 + 4*l - 10. Suppose 0 = 4*n - 2*n + 256. Let s be n/(-20) + (-3)/(-5). What is the units digit of y(s)?
7
Suppose -3685 - 7595 = -8*y. What is the tens digit of y?
1
Suppose 0 = -3*m + 5*w + 6805, 8*w - 3*w - 9015 = -4*m. What is the thousands digit of m?
2
Suppose 2*y - 20 = -3*y. Suppose 4*q = y*u - 212, -2*u = -0*q - 3*q - 110. Suppose -4*f = 4*w - 84, -8 = w + 5*f - u. What is the tens digit of w?
1
Let c = 14 + -14. Suppose c = -4*y + 543 + 17. Suppose 3*g = -2*g + y. What is the units digit of g?
8
Suppose -1203 = -3*w + 9. What is the units digit of w?
4
Let j = 21 + -24. Let n be 3/j*114 - 0. Let o = 170 + n. What is the tens digit of o?
5
Let a = -156 - -59. Let s = -58 - a. Suppose 4*c + 20 = 2*u - 2, 4*c = 3*u - s. What is the tens digit of u?
1
Let i(o) = o**3 + 8*o**2 - 5*o - 15. Let z(g) = -g**2 + 5*g + 18. Let s be z(8). What is the units digit of i(s)?
7
Suppose 3*f - 384 = 51. Let v = f + -64. What is the units digit of v?
1
Suppose 2*h = 2*w - w - 446, 2*w - 3*h = 888. What is the tens digit of w?
3
Suppose c - 2*d + 2 = 0, 0*c - 10 = -c - 4*d. Suppose 361 = 4*s + 3*t, 4*s = -c*t + 4*t + 346. What is the tens digit of s?
8
Let m(o) = 2*o**2 + 3*o - 7. Let y be m(-3). Suppose -2*q - 5*g = -q - 36, y*g = -3*q + 147. What is the tens digit of q?
5
Suppose 5*a + 0*b - 213 = 3*b, 83 = 2*a + b. What is the tens digit of (-7)/a - 385/(-6)?
6
Let b = 1499 + -979. What is the tens digit of b?
2
Let o be (3 - 9 - -9)*(2 - 1). Suppose d - 185 = -3*d + o*s, 4*d - s = 195. What is the tens digit of d?
5
Let l(h) = 0*h - 2*h - 5*h - 6 + 3*h + h**2. Let q(b) = 2*b + 4. Let j be q(-4). What is the units digit of l(j)?
6
Let j = 247 + -50. What is the tens digit of j?
9
Suppose -4*g + 4*f + 18312 = 0, 4*g - 2919 = 5*f + 15397. What is the hundreds digit of g?
5
Let w(c) = 69*c**3 - c**2 + 5*c + 5. What is the tens digit of w(2)?
6
Let m = 18 - 11. What is the units digit of 1 + -2 + 18 - (10 - m)?
4
Suppose 436 - 1932 = -11*t. What is the hundreds digit of t?
1
Suppose 0 = 28*o - 27*o - 53. What is the units digit of o?
3
Suppose -33 = -4*p + 3. Suppose -69 = -3*v - p. Let n = v - 16. What is the units digit of n?
4
Let v = 9 - 14. Let i = v + 18. Let c = i - -16. What is the tens digit of c?
2
Suppose h = -0*z - 5*z - 25, -9 = h + z. What is the units digit of 71*6/h*25/(-10)?
3
Let u be ((-12)/(-4) - 5)/2. Let n(b) = b**3 + 2*b**2 - b - 3. Let r be n(-4). What is the tens digit of u*(-4)/((-4)/r)?
3
What is the tens digit of ((-644)/(-5))/((-8)/(-36 + -4))?
4
Let k = -151 - -92. Let n = k + 139. What is the units digit of n?
0
Let r(n) = -n**2 + n + 43. Let s be r(7). What is the units digit of (-3 + 2)/s - -150?
9
Let x(l) = 7*l**2 - 17*l - 14. What is the hundreds digit of x(7)?
2
Let v(s) = 152*s - 124. What is the units digit of v(19)?
4
Suppose 3*o - o - 33 = -3*w, -15 = -o - w. Let k be 3/o + (-44)/(-16). Suppose 0 = -4*d - a + 2*a + 2, -5*d - 1 = -k*a. What is the units digit of d?
1
Suppose -5*c = 3*w - 2599, 5*w - 36*c = -37*c + 4339. What is the tens digit of w?
6
Let a(j) = j**3 + 18*j**2 + 19*j + 41. Suppose 224 = -13*i + 3. What is the units digit of a(i)?
7
Suppose -2*h - 1152 = -4*j, -j = 3*h - 161 - 141. Suppose 37*n - j = 32*n. What is the units digit of n?
8
Suppose 0 = -r - g + 5, 3*g = r - 0*g - 21. What is the tens digit of ((-16)/5 + 0)/(r/(-180))?
6
Suppose -2*s = 3*s + 490. Let k = s - -101. What is the units digit of k?
3
Suppose -5*f - 25 = 4*p, -2*f - 3*p = p - 2. Let t(i) = -38*i + 3. Let n be t(f). Suppose -2*o + u = 2*o - 273, 5*o - 5*u - n = 0. What is the tens digit of o?
6
Suppose 0 = -4*o + 5*o + 4*u + 1, -5*u - 26 = -o. Suppose -2*d - v + 11 = -o, 0 = -v - 4. Suppose 0 = 10*x - d*x + 33. What is the tens digit of x?
1
Let r(m) = 3*m**2 - 4*m - 1. Let h = 10 + -6. Suppose -3*l = h*g + 3 - 4, 5*l + 3*g = 9. What is the tens digit of r(l)?
1
Let v(d) = 2*d**2. Suppose -4*b - 51 = -b. Let a = -21 - b. What is the tens digit of v(a)?
3
Let y be 24/4 + -4 + -29. Let s = 185 + y. What is the tens digit of s?
5
Suppose 31*z - 3 = 28*z. What is the hundreds digit of 0/z - (2160/3)/(-6)?
1
Suppose 6*r - 107911 = -53*r. What is the units digit of r?
9
Let l(r) = -r**2 - 52*r - 16. What is the tens digit of l(-44)?
3
Let d = -62 - -65. Suppose 0 = -2*s - 3*t + 485, d*s - 8*s = -4*t - 1224. What is the units digit of s?
4
Let h(b) = -24*b + 10. Let p(w) = -1. Let g(u) = -h(u) - 10*p(u). Let r be g(3). What is the units digit of r/45*5*3?
4
Suppose 0 = -u + 5*u. What is the hundreds digit of 2 + u - -1 - (-241 - 0)?
2
Let v = 13 + -5. Suppose -v + 4 = -p. Let s(u) = u**2 - 2*u - 4. What is the units digit of s(p)?
4
What is the tens digit of (-5530)/(-112) + (-6)/16?
4
Let t be (0 - -1)/(6 - (7 - 2)). What is the tens digit of 139 - ((-8)/(5 - t) + 1)?
4
Suppose 6*x + 33 - 447 = 0. Suppose 2*y = 5*i - 57, -i = y + 59 - 13. Let c = x + y. What is the tens digit of c?
2
Suppose 0 = -15*w + 7*w + 72. What is the units digit of (108/21)/(w/294)?
8
Let w = -13 + 11. Let x be (-1 - -59) + (w - -5). Suppose 0*v + x = 3*r - 5*v, -5*v = 4*r - 23. What is the units digit of r?
2
What is the units digit of 6/14 + 185800/35?
9
What is the tens digit of (135/10)/(4/72)?
4
Let v(o) be the second derivative of o**4/12 + 11*o**3/6 + 2*o**2 - 4*o. Suppose 0 = 2*y + j + 27 + 1, -j + 56 = -4*y. What is the tens digit of v(y)?
4
Let r(y) = 3*y**2 - 5*y - 119. What is the units digit of r(-22)?
3
Suppose 4*c - 808 = -4*a, 3*a + 95 + 91 = c. Suppose -2*y - 3*v + 55 = -c, 3*y = 3*v + 417. What is the tens digit of y?
3
What is the hundreds digit of 5599/(-22)*(3 + -7)?
0
Suppose -9 = -h - 2*h. Let x(u) = -u**3 - 15*u**2 - 47*u - 24. Let r be x(-12). What is the units digit of h/6*(r - 2)?
3
Let r be 6/((-48)/28)*-10. Suppose 3*x - 25 = r. What is the tens digit of x?
2
Suppose 3*d + 4 = -l + 9, -1 = l - 3*d. Suppose -4*a = l*t, 5*t - 2 = -3*a + 12. What is the units digit of 32/(-3)*(-6)/t?
6
Suppose -2*m - 39800 = -3*a, 4*m + 66330 = 5*a - 0*m. What is the tens digit of a/50 + 4/(-10)?
6
Let n(l) = -3*l**3 - 5*l**2 + 5. Let r be n(-4). Suppose 8*w + r = 445. What is the units digit of w?
1
Let q = -538 + 980. What is the hundreds digit of q?
4
Let i = 56 + 17. Let r = i + -25. What is the tens digit of r?
4
Let s = 7909 - 4813. What is the tens digit of s?
9
What is the thousands digit of 63450/27 - (-7 - 1)?
2
Let b(f) = 58*f**2 + 52*f + 261. What is the hundreds digit of b(-8)?
5
Let l(o) = 5*o**2 + 2*o - 1. Let d(v) = v**2 - 2*v + 6. Let g be d(3). Suppose y = -2*f - 0*f - g, 3*y = 3*f. What is the tens digit of l(f)?
3
What is the units digit of (12/(-5))/(2/(-2610)*6)?
2
Let f = 247 - 162. Let j = 176 - f. What is the tens digit of j?
9
Suppose 2620 + 1682 = 9*s. What is the hundreds digit of s?
4
Let q(c) = 870*c**2 + 17*c - 1. What is the tens digit of q(-1)?
5
Let q = -236 - -565. What is the units digit of q?
9
Let o(t) = -t**3 + 23*t**2 + 21*t - 44. What is the units digit of o(23)?
9
Let j be (-1 + 14/8)/(37/148). Let z(v) = 52*v. What is the hundreds digit of z(j)?
1
Let u = -772 - -1413. What is the hundreds digit of u?
6
Let r be 2/2 - (241 - (-36)/(-6)). Let g = r + 361. What is the hundreds digit of g?
1
Let v be (273/6 - 4)*-12. Let j = -341 - v. What is the tens digit of j?
5
Suppose 0 = -8*u + 5*u - 24. What is the hundreds digit of 2/16 + (-831)/u?
1
What is the tens digit of 18/27 + 4863/9?
4
Suppose 0 = 3*y - 1348 + 466. Suppose -i = b - 0 - 69, y = 4*i - 5*b. What is the tens digit of i?
7
Let m be (14/(-8))/(2/(176/(-2))). Suppose 0*t = -3*t - 2*f - 105, -f = 0. Let p = m + t. What is the units digit of p?
2
Let x be (-10)/(-4)*(1 - -1). Suppose -x*i = -416 - 94. Suppose 0 = 4*g - 2*g - i. What is the units digit of g?
1
What is the tens digit of 23/((-1518)/(-12)) - 30378/(-22)?
8
Suppose 0 = -3*x + 2*t - 4*t + 1588, 0 = -4*x - 2*t + 2116. What is the units digit of x?
8
Let s = 297 - -209. Suppose s = 6*i + 140. What is the tens digit of i?
6
Let r = -6 + 8. Suppose 